 factor of i and 1818?
9
Let b be (1 + 10 + 98)*9. What is the highest common divisor of b and 9?
9
Let m be 4728/56 + 12/(-28). Calculate the greatest common factor of 36 and m.
12
Let a = 1363 - -100. Calculate the highest common divisor of a and 11.
11
Let i = -7 + 19. Let t = i + 2. Calculate the greatest common factor of t and 112.
14
Let w(f) = f**2 - 9*f + 4. Let h be w(9). Suppose -q = -h, -5*i - q - q = -118. What is the greatest common factor of 22 and i?
22
Let z be 2*(36/8 + -2). Suppose 100 = 3*s - 5*w, 0 + 5 = z*w. What is the greatest common factor of 70 and s?
35
Let a(v) = -v**3 + 13*v**2. Let w be a(13). Let l be -11 + 26 + -3 + w. Calculate the highest common factor of l and 6.
6
Let k(a) = 55*a + 315. Let b be k(19). Calculate the highest common factor of 85 and b.
85
Let m = 63 + -64. Let o = 67 - m. Suppose 5*h + 4*v - 858 = 0, 5*v - 761 = -5*h + 99. What is the greatest common divisor of o and h?
34
Let u = -680 - -1136. What is the greatest common divisor of u and 12?
12
Let m be (-1*1)/1 + 12. Let x = -6 - -5. Let f be (-33)/(x/1)*1. What is the greatest common factor of m and f?
11
Let l(k) = 4*k**2 - 38*k + 106. Let x be l(3). Calculate the highest common divisor of 308 and x.
28
Suppose -457 = -5*o - 2*k, -k = -0*k - 1. What is the greatest common divisor of 13 and o?
13
Let a(f) = f**3 - 33*f**2 - 27*f - 118. Let w be a(34). Suppose 0 = -h - 0*h + 24. Calculate the greatest common divisor of w and h.
24
Let w = -26 + 43. Suppose 4*g = -5*g - 18. Let h = w - g. Calculate the highest common factor of 209 and h.
19
Let u(c) = -c**2 - 13*c - 16. Let k be u(-11). Suppose k*d = 3*d + 12. Let v = d + 11. What is the highest common divisor of v and 3?
3
Let a(d) = 23*d - 386. Let r be a(17). Let t(w) = -w**3 - w**2 - w + 80. Let b be t(0). What is the greatest common factor of r and b?
5
Let r = 501 - 429. Calculate the greatest common divisor of r and 88.
8
Suppose 5*a - 75 = -0*a. Suppose -f = 7 + a. Let b = -18 - f. Calculate the greatest common factor of 20 and b.
4
Let m(r) = -r - 16. Let d be m(-16). Suppose 4*u - 6*u + 16 = d. Calculate the highest common factor of 4 and u.
4
Let n be (-1 - 1*15/(-3)) + -2. Calculate the greatest common factor of n and 194.
2
Suppose 46 = 3*z + 3*k - 338, 2*k - 133 = -z. Calculate the highest common factor of 287 and z.
41
Let v(f) be the first derivative of 3*f**2/2 - f - 9. Let k be v(0). Let g be 11/22*(k - -109). What is the greatest common divisor of g and 18?
18
Let s = -1 - 1. Let c be 2/(s/(-1)) + 9. Suppose 23*t = 20*t + 330. Calculate the highest common factor of c and t.
10
Suppose -y = -5*p + 165, -p + 0*y - 3*y = -49. Suppose -35*m = -p*m. Suppose q + 2 = j - 0, 4*j + 5*q - 17 = m. Calculate the highest common factor of j and 3.
3
Suppose 3*m = 4*t - 0*t - 11, 11 = 5*t - m. Let p be t - (-2 + 1 - 2). Suppose -28 = -3*v + 47. Calculate the highest common factor of v and p.
5
Let u = 0 - -2. Let k be 0 - ((-3 - 2) + u). Suppose 4*w = 5*g + 122, 5*g = 4*w + 2*g - 126. Calculate the greatest common factor of w and k.
3
Suppose 12*u - 3*s = 11*u + 120, -5*u + 680 = s. Calculate the greatest common factor of u and 81.
27
Let q be 9 - (-1)/(4/(-16)). Suppose -q*g - 5*y + 28 = -37, -16 = -4*g + 5*y. What is the greatest common divisor of 9 and g?
9
Let s = -6 + 5. Let k be (-1)/(-1*s/233). Let p = -133 - k. What is the greatest common factor of p and 25?
25
Suppose 5*u - 3473 = -7*s + 10*s, -3497 = -5*u - 3*s. What is the greatest common divisor of 17 and u?
17
Suppose -15*c - 166 = -2806. Calculate the greatest common divisor of c and 66.
22
Let n(f) = -22*f + 16. Suppose -v - 3*i = -1, -i - 2*i - 19 = 5*v. Let c be n(v). What is the highest common factor of c and 14?
14
Let a(s) = 2*s**2 - 8*s - 27. Let l be a(-6). Suppose d - 5*f - 29 = 0, -3*f = 7*d - 3*d - l. What is the greatest common divisor of d and 6?
6
Suppose -56*n = -13172 - 6988. What is the highest common divisor of n and 90?
90
Let v(a) = 2*a**2 - 7*a + 5. Let y be v(5). Suppose 0 = -2*c - 29 - 29. Let m = 49 + c. Calculate the greatest common divisor of y and m.
20
Let h(z) = z**2 + 11*z - 26. Let p be h(-12). Let s be 7*((-6)/15 - p/10). What is the highest common divisor of 7 and s?
7
Suppose -3*i + 180 = -4*b - 282, -2*i - 3*b = -291. Calculate the greatest common divisor of 500 and i.
50
Let l = -18 + 10. Let j = l + 21. Suppose x + 6 = 123. Calculate the highest common factor of j and x.
13
Let f = -1141 + 1166. What is the highest common divisor of f and 55?
5
Suppose 0 = -2*a - 21 + 25. Let n be ((-2)/(-9))/(a/18). Suppose 4*l = l + 9. What is the highest common factor of n and l?
1
Let a be ((-18)/21 + 0)/((-28)/784). Calculate the greatest common divisor of a and 156.
12
Suppose -4*z = 2*r - 104, -5*z + 164 = 2*r + 33. Suppose 4*n - 40 - 68 = 0. Suppose -37*y = -36*y - n. What is the greatest common divisor of z and y?
27
Let s be (-78)/(-351) + ((-18424)/(-9))/4. Calculate the highest common divisor of 32 and s.
32
Let a = 7980 + -5127. Calculate the greatest common divisor of 9 and a.
9
Let r = 3 - 11. Let o be (-6)/(-10)*(r + 13). What is the greatest common divisor of o and 5?
1
Let r(s) = 3*s**2 - 4*s - 3. Let q be r(-2). Let a = 67 - 64. Let p be 68/(-6)*(18/(-4) + a). Calculate the highest common divisor of q and p.
17
Suppose -5*c - x + 140 = 11, 4*c + 3*x - 101 = 0. Suppose h = 4*n + 41 - 11, -5*n + 47 = 2*h. What is the highest common divisor of c and h?
26
Let d be 0 + -1 + 355 + 0 + -4. What is the greatest common factor of d and 70?
70
Suppose 4*b - 11 - 5 = 0, 4*b = h + 13. Let l(x) = x**2 + x + 9. Let o be l(-6). What is the greatest common factor of h and o?
3
Let q be (3 + (-3)/2)*4. Let a(d) = -2*d. Let c be a(-1). Let w be 132/24 - c/(-4). What is the greatest common divisor of q and w?
6
Suppose -52*u + 48*u = -28. What is the highest common factor of u and 7?
7
Let w be ((-5)/(-2))/((-2)/(-12)). Let t = 5 + -43. Let u = 7 - t. What is the greatest common divisor of u and w?
15
Suppose -17*f = -148 - 294. Calculate the highest common factor of 2 and f.
2
Let b(t) = 14*t - 2. Suppose 0 = 2*z - 14. Let r be b(z). What is the highest common divisor of 32 and r?
32
Let x(f) = -2*f**2 - 16*f + 1. Let y be x(-6). Calculate the greatest common factor of 5 and y.
5
Let k(b) = 73*b**2 - 1. Let j be k(-1). Let g = 5 + -3. Suppose -2*t - 16 = -2*l + 32, g*t + 24 = l. What is the greatest common factor of j and l?
24
Let i be (-2 - -3)/((-7)/(-77)). Suppose -9*y = -i*y + 154. What is the highest common factor of y and 11?
11
Suppose -4 = 3*x + 2. Let u = x - -14. Let d(w) = -2*w + 28. Let g be d(u). Calculate the highest common divisor of 36 and g.
4
Let m(x) = -x**3 - 2*x**2 - 6*x - 7. Let j be m(-3). Let k = j - 13. What is the greatest common factor of 35 and k?
7
Suppose -3*f = 9 + 27. Let q be (2144/f)/(2/(-9)). Let c be q/9 + 12/18. What is the highest common factor of 10 and c?
10
Suppose -20874 = -90*o + 3966. Calculate the highest common factor of o and 96.
12
Suppose -11*r + 813 = -111. Suppose -o + r = 5*o. What is the greatest common divisor of 154 and o?
14
Let x(k) = -k**3 - 2*k**2 + 8*k + 3. Let r be x(-4). Suppose 4*l = -2*i + 228, -i = -5*l - r*i + 285. What is the greatest common divisor of 38 and l?
19
Suppose 0*j - 5*k = -j - 20, -8 = -4*j - 2*k. Suppose 3*q - 248 - 181 = j. Calculate the greatest common factor of 13 and q.
13
Let x(i) = 18*i**2 - 15*i + 1. Let u be x(1). Suppose -r + 6*r = -o + 20, -3*o = 5*r - 30. Suppose u + r = k. Calculate the highest common divisor of 7 and k.
7
Suppose -5*l - p + 308 = 0, 3*l - 11*p - 195 = -15*p. Suppose -r + l = -29. Calculate the greatest common factor of 10 and r.
10
Let i(z) be the second derivative of 2*z**3/3 + 5*z**2 + z. Let a be i(9). Suppose -18*s = -16*s - 46. Calculate the greatest common factor of a and s.
23
Let c be (29/(-3))/(6/(-18)). Suppose -10 = 28*u - c*u. Let m = -3 + 8. Calculate the greatest common factor of u and m.
5
Suppose -z - 53 = -4*g + 2*z, g + 2*z = 16. Suppose 0 = -2*s + 2*b + g, -5*s - 3*b = -20 - 15. Calculate the highest common divisor of 35 and s.
7
Let d(x) = 3*x**3 - 10*x**2 + 12*x + 3. Let a(w) = -w**3 + w**2 - w - 1. Let j(l) = 2*a(l) + d(l). Let v be j(7). What is the highest common fac